{"id":40,"date":"2025-07-09T14:46:15","date_gmt":"2025-07-09T12:46:15","guid":{"rendered":"https:\/\/catiasbl.be\/?page_id=40"},"modified":"2026-04-07T17:52:57","modified_gmt":"2026-04-07T15:52:57","slug":"inscriptions-annee-2025-2026","status":"publish","type":"page","link":"https:\/\/catiasbl.be\/index.php\/inscriptions-annee-2025-2026\/","title":{"rendered":"Inscriptions ann\u00e9e 2026-2027"},"content":{"rendered":"\n<p>Les inscriptions pour les groupes de septembre 2026 pour les cours d&rsquo;alpha\/FLE de la rentr\u00e9e ann\u00e9e acad\u00e9mique 2026-2027 d\u00e9buteront en aout 2026, il faudra nous contacter \u00e0 partir du 10 aout afin de prendre un rendez-vous.<\/p>\n\n\n\n<p>A l&rsquo;inscription vous serez invit\u00e9 \u00e0 un test de positionnement. Celui-ci permettra de choisir le groupe qui vous correspondra au mieux.<\/p>\n\n\n\n<p>Pour information, ou un rendez-vous, envoyez un message (SMS ou WhatsApp) au 0483 335 340 ou \u00e9crivez \u00e0 info @ catiasbl.be<br>Le droit d&rsquo;inscription est de 40 \u20ac pour l&rsquo;ann\u00e9e scolaire 2026-2027<\/p>\n\n\n\n<p>Nous ne d\u00e9livrons que des attestations de participation \u00e0 un module lorsque l&rsquo;apprenant a \u00e9t\u00e9 pr\u00e9sent \u00e0 au moins 75% des cours.<\/p>\n\n\n\n<p><\/p>\n\n\n\n<p>Enrolment for Alphabetization\/French as a foreign language(FLE) courses for school year 2026-2027 will be in Aug 2026.<br>When you register, you will be invited to take a placement test. This will enable us to choose the group that suits you best.<\/p>\n\n\n\n<p class=\"has-text-align-left\">For information or to make an appointment, send a message to 0483 335 340 or info @ catiasbl.be<br>The registration fee is \u20ac40 for 2026-2027 school year.<\/p>\n\n\n\n<p><\/p>\n","protected":false},"excerpt":{"rendered":"<p>Les inscriptions pour les groupes de septembre 2026 pour les cours d&rsquo;alpha\/FLE de la rentr\u00e9e ann\u00e9e acad\u00e9mique 2026-2027 d\u00e9buteront en aout 2026, il faudra nous contacter \u00e0 partir du 10 aout afin de prendre un rendez-vous. A l&rsquo;inscription vous serez invit\u00e9 \u00e0 un test de positionnement. Celui-ci permettra de choisir le groupe qui vous correspondra [&hellip;]<\/p>\n","protected":false},"author":1,"featured_media":0,"parent":0,"menu_order":0,"comment_status":"closed","ping_status":"closed","template":"","meta":{"footnotes":""},"class_list":["post-40","page","type-page","status-publish","hentry"],"yoast_head":"<!-- This site is optimized with the Yoast SEO plugin v25.5 - https:\/\/yoast.com\/wordpress\/plugins\/seo\/ -->\n<title>Inscriptions ann\u00e9e 2026-2027 -<\/title>\n<meta name=\"robots\" content=\"index, follow, max-snippet:-1, max-image-preview:large, max-video-preview:-1\" \/>\n<link rel=\"canonical\" href=\"https:\/\/catiasbl.be\/index.php\/inscriptions-annee-2025-2026\/\" \/>\n<meta property=\"og:locale\" content=\"fr_FR\" \/>\n<meta property=\"og:type\" content=\"article\" \/>\n<meta property=\"og:title\" content=\"Inscriptions ann\u00e9e 2026-2027 -\" \/>\n<meta property=\"og:description\" content=\"Les inscriptions pour les groupes de septembre 2026 pour les cours d&rsquo;alpha\/FLE de la rentr\u00e9e ann\u00e9e acad\u00e9mique 2026-2027 d\u00e9buteront en aout 2026, il faudra nous contacter \u00e0 partir du 10 aout afin de prendre un rendez-vous. A l&rsquo;inscription vous serez invit\u00e9 \u00e0 un test de positionnement. Celui-ci permettra de choisir le groupe qui vous correspondra [&hellip;]\" \/>\n<meta property=\"og:url\" content=\"https:\/\/catiasbl.be\/index.php\/inscriptions-annee-2025-2026\/\" \/>\n<meta property=\"article:publisher\" content=\"https:\/\/www.facebook.com\/catiasbl\/\" \/>\n<meta property=\"article:modified_time\" content=\"2026-04-07T15:52:57+00:00\" \/>\n<meta property=\"og:image\" content=\"https:\/\/catiasbl.be\/wp-content\/uploads\/2025\/04\/logo-cati.jpg\" \/>\n\t<meta property=\"og:image:width\" content=\"332\" \/>\n\t<meta property=\"og:image:height\" content=\"150\" \/>\n\t<meta property=\"og:image:type\" content=\"image\/jpeg\" \/>\n<meta name=\"twitter:card\" content=\"summary_large_image\" \/>\n<meta name=\"twitter:label1\" content=\"Dur\u00e9e de lecture estim\u00e9e\" \/>\n\t<meta name=\"twitter:data1\" content=\"1 minute\" \/>\n<script type=\"application\/ld+json\" class=\"yoast-schema-graph\">{\"@context\":\"https:\/\/schema.org\",\"@graph\":[{\"@type\":\"WebPage\",\"@id\":\"https:\/\/catiasbl.be\/index.php\/inscriptions-annee-2025-2026\/\",\"url\":\"https:\/\/catiasbl.be\/index.php\/inscriptions-annee-2025-2026\/\",\"name\":\"Inscriptions ann\u00e9e 2026-2027 -\",\"isPartOf\":{\"@id\":\"https:\/\/catiasbl.be\/#website\"},\"datePublished\":\"2025-07-09T12:46:15+00:00\",\"dateModified\":\"2026-04-07T15:52:57+00:00\",\"breadcrumb\":{\"@id\":\"https:\/\/catiasbl.be\/index.php\/inscriptions-annee-2025-2026\/#breadcrumb\"},\"inLanguage\":\"fr-FR\",\"potentialAction\":[{\"@type\":\"ReadAction\",\"target\":[\"https:\/\/catiasbl.be\/index.php\/inscriptions-annee-2025-2026\/\"]}]},{\"@type\":\"BreadcrumbList\",\"@id\":\"https:\/\/catiasbl.be\/index.php\/inscriptions-annee-2025-2026\/#breadcrumb\",\"itemListElement\":[{\"@type\":\"ListItem\",\"position\":1,\"name\":\"Accueil\",\"item\":\"https:\/\/catiasbl.be\/\"},{\"@type\":\"ListItem\",\"position\":2,\"name\":\"Inscriptions ann\u00e9e 2026-2027\"}]},{\"@type\":\"WebSite\",\"@id\":\"https:\/\/catiasbl.be\/#website\",\"url\":\"https:\/\/catiasbl.be\/\",\"name\":\"cati asbl\",\"description\":\"CATI ASBL\",\"publisher\":{\"@id\":\"https:\/\/catiasbl.be\/#organization\"},\"potentialAction\":[{\"@type\":\"SearchAction\",\"target\":{\"@type\":\"EntryPoint\",\"urlTemplate\":\"https:\/\/catiasbl.be\/?s={search_term_string}\"},\"query-input\":{\"@type\":\"PropertyValueSpecification\",\"valueRequired\":true,\"valueName\":\"search_term_string\"}}],\"inLanguage\":\"fr-FR\"},{\"@type\":\"Organization\",\"@id\":\"https:\/\/catiasbl.be\/#organization\",\"name\":\"CATI asbl\",\"url\":\"https:\/\/catiasbl.be\/\",\"logo\":{\"@type\":\"ImageObject\",\"inLanguage\":\"fr-FR\",\"@id\":\"https:\/\/catiasbl.be\/#\/schema\/logo\/image\/\",\"url\":\"https:\/\/catiasbl.be\/wp-content\/uploads\/2025\/04\/logo-cati.jpg\",\"contentUrl\":\"https:\/\/catiasbl.be\/wp-content\/uploads\/2025\/04\/logo-cati.jpg\",\"width\":332,\"height\":150,\"caption\":\"CATI asbl\"},\"image\":{\"@id\":\"https:\/\/catiasbl.be\/#\/schema\/logo\/image\/\"},\"sameAs\":[\"https:\/\/www.facebook.com\/catiasbl\/\"]}]}<\/script>\n<!-- \/ Yoast SEO plugin. -->","yoast_head_json":{"title":"Inscriptions ann\u00e9e 2026-2027 -","robots":{"index":"index","follow":"follow","max-snippet":"max-snippet:-1","max-image-preview":"max-image-preview:large","max-video-preview":"max-video-preview:-1"},"canonical":"https:\/\/catiasbl.be\/index.php\/inscriptions-annee-2025-2026\/","og_locale":"fr_FR","og_type":"article","og_title":"Inscriptions ann\u00e9e 2026-2027 -","og_description":"Les inscriptions pour les groupes de septembre 2026 pour les cours d&rsquo;alpha\/FLE de la rentr\u00e9e ann\u00e9e acad\u00e9mique 2026-2027 d\u00e9buteront en aout 2026, il faudra nous contacter \u00e0 partir du 10 aout afin de prendre un rendez-vous. A l&rsquo;inscription vous serez invit\u00e9 \u00e0 un test de positionnement. Celui-ci permettra de choisir le groupe qui vous correspondra [&hellip;]","og_url":"https:\/\/catiasbl.be\/index.php\/inscriptions-annee-2025-2026\/","article_publisher":"https:\/\/www.facebook.com\/catiasbl\/","article_modified_time":"2026-04-07T15:52:57+00:00","og_image":[{"width":332,"height":150,"url":"https:\/\/catiasbl.be\/wp-content\/uploads\/2025\/04\/logo-cati.jpg","type":"image\/jpeg"}],"twitter_card":"summary_large_image","twitter_misc":{"Dur\u00e9e de lecture estim\u00e9e":"1 minute"},"schema":{"@context":"https:\/\/schema.org","@graph":[{"@type":"WebPage","@id":"https:\/\/catiasbl.be\/index.php\/inscriptions-annee-2025-2026\/","url":"https:\/\/catiasbl.be\/index.php\/inscriptions-annee-2025-2026\/","name":"Inscriptions ann\u00e9e 2026-2027 -","isPartOf":{"@id":"https:\/\/catiasbl.be\/#website"},"datePublished":"2025-07-09T12:46:15+00:00","dateModified":"2026-04-07T15:52:57+00:00","breadcrumb":{"@id":"https:\/\/catiasbl.be\/index.php\/inscriptions-annee-2025-2026\/#breadcrumb"},"inLanguage":"fr-FR","potentialAction":[{"@type":"ReadAction","target":["https:\/\/catiasbl.be\/index.php\/inscriptions-annee-2025-2026\/"]}]},{"@type":"BreadcrumbList","@id":"https:\/\/catiasbl.be\/index.php\/inscriptions-annee-2025-2026\/#breadcrumb","itemListElement":[{"@type":"ListItem","position":1,"name":"Accueil","item":"https:\/\/catiasbl.be\/"},{"@type":"ListItem","position":2,"name":"Inscriptions ann\u00e9e 2026-2027"}]},{"@type":"WebSite","@id":"https:\/\/catiasbl.be\/#website","url":"https:\/\/catiasbl.be\/","name":"cati asbl","description":"CATI ASBL","publisher":{"@id":"https:\/\/catiasbl.be\/#organization"},"potentialAction":[{"@type":"SearchAction","target":{"@type":"EntryPoint","urlTemplate":"https:\/\/catiasbl.be\/?s={search_term_string}"},"query-input":{"@type":"PropertyValueSpecification","valueRequired":true,"valueName":"search_term_string"}}],"inLanguage":"fr-FR"},{"@type":"Organization","@id":"https:\/\/catiasbl.be\/#organization","name":"CATI asbl","url":"https:\/\/catiasbl.be\/","logo":{"@type":"ImageObject","inLanguage":"fr-FR","@id":"https:\/\/catiasbl.be\/#\/schema\/logo\/image\/","url":"https:\/\/catiasbl.be\/wp-content\/uploads\/2025\/04\/logo-cati.jpg","contentUrl":"https:\/\/catiasbl.be\/wp-content\/uploads\/2025\/04\/logo-cati.jpg","width":332,"height":150,"caption":"CATI asbl"},"image":{"@id":"https:\/\/catiasbl.be\/#\/schema\/logo\/image\/"},"sameAs":["https:\/\/www.facebook.com\/catiasbl\/"]}]}},"_links":{"self":[{"href":"https:\/\/catiasbl.be\/index.php\/wp-json\/wp\/v2\/pages\/40","targetHints":{"allow":["GET"]}}],"collection":[{"href":"https:\/\/catiasbl.be\/index.php\/wp-json\/wp\/v2\/pages"}],"about":[{"href":"https:\/\/catiasbl.be\/index.php\/wp-json\/wp\/v2\/types\/page"}],"author":[{"embeddable":true,"href":"https:\/\/catiasbl.be\/index.php\/wp-json\/wp\/v2\/users\/1"}],"replies":[{"embeddable":true,"href":"https:\/\/catiasbl.be\/index.php\/wp-json\/wp\/v2\/comments?post=40"}],"version-history":[{"count":8,"href":"https:\/\/catiasbl.be\/index.php\/wp-json\/wp\/v2\/pages\/40\/revisions"}],"predecessor-version":[{"id":119,"href":"https:\/\/catiasbl.be\/index.php\/wp-json\/wp\/v2\/pages\/40\/revisions\/119"}],"wp:attachment":[{"href":"https:\/\/catiasbl.be\/index.php\/wp-json\/wp\/v2\/media?parent=40"}],"curies":[{"name":"wp","href":"https:\/\/api.w.org\/{rel}","templated":true}]}}