{"id":53,"date":"2025-07-09T16:28:03","date_gmt":"2025-07-09T14:28:03","guid":{"rendered":"https:\/\/catiasbl.be\/?page_id=53"},"modified":"2025-07-09T18:05:29","modified_gmt":"2025-07-09T16:05:29","slug":"ou-nous-trouver","status":"publish","type":"page","link":"https:\/\/catiasbl.be\/index.php\/ou-nous-trouver\/","title":{"rendered":"O\u00f9 nous trouver?"},"content":{"rendered":"\n<p><\/p>\n\n\n\n<p><\/p>\n\n\n\n<p>Rue Philom\u00e8ne, 39 &#8211; 1030 Bruxelles<\/p>\n\n\n\n<figure class=\"wp-block-image size-large\"><a href=\"https:\/\/www.google.com\/maps\/place\/Rue+Philom%C3%A8ne+39,+1030+Schaerbeek,+Belgium\/@50.8558072,4.3671701,16z\"><img loading=\"lazy\" decoding=\"async\" width=\"1024\" height=\"702\" src=\"https:\/\/catiasbl.be\/wp-content\/uploads\/2025\/07\/gmap-1024x702.png\" alt=\"\" class=\"wp-image-54\" srcset=\"https:\/\/catiasbl.be\/wp-content\/uploads\/2025\/07\/gmap-1024x702.png 1024w, https:\/\/catiasbl.be\/wp-content\/uploads\/2025\/07\/gmap-300x206.png 300w, https:\/\/catiasbl.be\/wp-content\/uploads\/2025\/07\/gmap-768x526.png 768w, https:\/\/catiasbl.be\/wp-content\/uploads\/2025\/07\/gmap.png 1118w\" sizes=\"auto, (max-width: 1024px) 100vw, 1024px\" \/><\/a><\/figure>\n\n\n\n<div class=\"wp-block-group has-global-padding is-layout-constrained wp-block-group-is-layout-constrained\">\n<figure class=\"wp-block-image alignright size-full is-resized\"><a href=\"https:\/\/www.stib-mivb.be\/accueil\/voyager\/recherche-d-itineraires\"><img loading=\"lazy\" decoding=\"async\" width=\"243\" height=\"104\" src=\"https:\/\/catiasbl.be\/wp-content\/uploads\/2025\/07\/sitb-mivb-logo.png\" alt=\"\" class=\"wp-image-61\" style=\"width:112px;height:auto\"\/><\/a><\/figure>\n\n\n\n<p>Le plus ais\u00e9 pour nous rejoindre: <\/p>\n<\/div>\n","protected":false},"excerpt":{"rendered":"<p>Rue Philom\u00e8ne, 39 &#8211; 1030 Bruxelles Le plus ais\u00e9 pour nous rejoindre:<\/p>\n","protected":false},"author":1,"featured_media":0,"parent":0,"menu_order":0,"comment_status":"closed","ping_status":"closed","template":"","meta":{"footnotes":""},"class_list":["post-53","page","type-page","status-publish","hentry"],"yoast_head":"<!-- This site is optimized with the Yoast SEO plugin v25.5 - https:\/\/yoast.com\/wordpress\/plugins\/seo\/ -->\n<title>O\u00f9 nous trouver? -<\/title>\n<meta name=\"robots\" content=\"index, follow, max-snippet:-1, max-image-preview:large, max-video-preview:-1\" \/>\n<link rel=\"canonical\" href=\"https:\/\/catiasbl.be\/index.php\/ou-nous-trouver\/\" \/>\n<meta property=\"og:locale\" content=\"fr_FR\" \/>\n<meta property=\"og:type\" content=\"article\" \/>\n<meta property=\"og:title\" content=\"O\u00f9 nous trouver? -\" \/>\n<meta property=\"og:description\" content=\"Rue Philom\u00e8ne, 39 &#8211; 1030 Bruxelles Le plus ais\u00e9 pour nous rejoindre:\" \/>\n<meta property=\"og:url\" content=\"https:\/\/catiasbl.be\/index.php\/ou-nous-trouver\/\" \/>\n<meta property=\"article:publisher\" content=\"https:\/\/www.facebook.com\/catiasbl\/\" \/>\n<meta property=\"article:modified_time\" content=\"2025-07-09T16:05:29+00:00\" \/>\n<meta property=\"og:image\" content=\"http:\/\/catiasbl.be\/wp-content\/uploads\/2025\/07\/gmap-1024x702.png\" \/>\n<meta name=\"twitter:card\" content=\"summary_large_image\" \/>\n<meta name=\"twitter:label1\" content=\"Dur\u00e9e de lecture estim\u00e9e\" \/>\n\t<meta name=\"twitter:data1\" content=\"1 minute\" \/>\n<script type=\"application\/ld+json\" class=\"yoast-schema-graph\">{\"@context\":\"https:\/\/schema.org\",\"@graph\":[{\"@type\":\"WebPage\",\"@id\":\"https:\/\/catiasbl.be\/index.php\/ou-nous-trouver\/\",\"url\":\"https:\/\/catiasbl.be\/index.php\/ou-nous-trouver\/\",\"name\":\"O\u00f9 nous trouver? -\",\"isPartOf\":{\"@id\":\"https:\/\/catiasbl.be\/#website\"},\"primaryImageOfPage\":{\"@id\":\"https:\/\/catiasbl.be\/index.php\/ou-nous-trouver\/#primaryimage\"},\"image\":{\"@id\":\"https:\/\/catiasbl.be\/index.php\/ou-nous-trouver\/#primaryimage\"},\"thumbnailUrl\":\"http:\/\/catiasbl.be\/wp-content\/uploads\/2025\/07\/gmap-1024x702.png\",\"datePublished\":\"2025-07-09T14:28:03+00:00\",\"dateModified\":\"2025-07-09T16:05:29+00:00\",\"breadcrumb\":{\"@id\":\"https:\/\/catiasbl.be\/index.php\/ou-nous-trouver\/#breadcrumb\"},\"inLanguage\":\"fr-FR\",\"potentialAction\":[{\"@type\":\"ReadAction\",\"target\":[\"https:\/\/catiasbl.be\/index.php\/ou-nous-trouver\/\"]}]},{\"@type\":\"ImageObject\",\"inLanguage\":\"fr-FR\",\"@id\":\"https:\/\/catiasbl.be\/index.php\/ou-nous-trouver\/#primaryimage\",\"url\":\"https:\/\/catiasbl.be\/wp-content\/uploads\/2025\/07\/gmap.png\",\"contentUrl\":\"https:\/\/catiasbl.be\/wp-content\/uploads\/2025\/07\/gmap.png\",\"width\":1118,\"height\":766},{\"@type\":\"BreadcrumbList\",\"@id\":\"https:\/\/catiasbl.be\/index.php\/ou-nous-trouver\/#breadcrumb\",\"itemListElement\":[{\"@type\":\"ListItem\",\"position\":1,\"name\":\"Accueil\",\"item\":\"https:\/\/catiasbl.be\/\"},{\"@type\":\"ListItem\",\"position\":2,\"name\":\"O\u00f9 nous trouver?\"}]},{\"@type\":\"WebSite\",\"@id\":\"https:\/\/catiasbl.be\/#website\",\"url\":\"https:\/\/catiasbl.be\/\",\"name\":\"cati asbl\",\"description\":\"CATI ASBL\",\"publisher\":{\"@id\":\"https:\/\/catiasbl.be\/#organization\"},\"potentialAction\":[{\"@type\":\"SearchAction\",\"target\":{\"@type\":\"EntryPoint\",\"urlTemplate\":\"https:\/\/catiasbl.be\/?s={search_term_string}\"},\"query-input\":{\"@type\":\"PropertyValueSpecification\",\"valueRequired\":true,\"valueName\":\"search_term_string\"}}],\"inLanguage\":\"fr-FR\"},{\"@type\":\"Organization\",\"@id\":\"https:\/\/catiasbl.be\/#organization\",\"name\":\"CATI asbl\",\"url\":\"https:\/\/catiasbl.be\/\",\"logo\":{\"@type\":\"ImageObject\",\"inLanguage\":\"fr-FR\",\"@id\":\"https:\/\/catiasbl.be\/#\/schema\/logo\/image\/\",\"url\":\"https:\/\/catiasbl.be\/wp-content\/uploads\/2025\/04\/logo-cati.jpg\",\"contentUrl\":\"https:\/\/catiasbl.be\/wp-content\/uploads\/2025\/04\/logo-cati.jpg\",\"width\":332,\"height\":150,\"caption\":\"CATI asbl\"},\"image\":{\"@id\":\"https:\/\/catiasbl.be\/#\/schema\/logo\/image\/\"},\"sameAs\":[\"https:\/\/www.facebook.com\/catiasbl\/\"]}]}<\/script>\n<!-- \/ Yoast SEO plugin. -->","yoast_head_json":{"title":"O\u00f9 nous trouver? -","robots":{"index":"index","follow":"follow","max-snippet":"max-snippet:-1","max-image-preview":"max-image-preview:large","max-video-preview":"max-video-preview:-1"},"canonical":"https:\/\/catiasbl.be\/index.php\/ou-nous-trouver\/","og_locale":"fr_FR","og_type":"article","og_title":"O\u00f9 nous trouver? -","og_description":"Rue Philom\u00e8ne, 39 &#8211; 1030 Bruxelles Le plus ais\u00e9 pour nous rejoindre:","og_url":"https:\/\/catiasbl.be\/index.php\/ou-nous-trouver\/","article_publisher":"https:\/\/www.facebook.com\/catiasbl\/","article_modified_time":"2025-07-09T16:05:29+00:00","og_image":[{"url":"http:\/\/catiasbl.be\/wp-content\/uploads\/2025\/07\/gmap-1024x702.png","type":"","width":"","height":""}],"twitter_card":"summary_large_image","twitter_misc":{"Dur\u00e9e de lecture estim\u00e9e":"1 minute"},"schema":{"@context":"https:\/\/schema.org","@graph":[{"@type":"WebPage","@id":"https:\/\/catiasbl.be\/index.php\/ou-nous-trouver\/","url":"https:\/\/catiasbl.be\/index.php\/ou-nous-trouver\/","name":"O\u00f9 nous trouver? -","isPartOf":{"@id":"https:\/\/catiasbl.be\/#website"},"primaryImageOfPage":{"@id":"https:\/\/catiasbl.be\/index.php\/ou-nous-trouver\/#primaryimage"},"image":{"@id":"https:\/\/catiasbl.be\/index.php\/ou-nous-trouver\/#primaryimage"},"thumbnailUrl":"http:\/\/catiasbl.be\/wp-content\/uploads\/2025\/07\/gmap-1024x702.png","datePublished":"2025-07-09T14:28:03+00:00","dateModified":"2025-07-09T16:05:29+00:00","breadcrumb":{"@id":"https:\/\/catiasbl.be\/index.php\/ou-nous-trouver\/#breadcrumb"},"inLanguage":"fr-FR","potentialAction":[{"@type":"ReadAction","target":["https:\/\/catiasbl.be\/index.php\/ou-nous-trouver\/"]}]},{"@type":"ImageObject","inLanguage":"fr-FR","@id":"https:\/\/catiasbl.be\/index.php\/ou-nous-trouver\/#primaryimage","url":"https:\/\/catiasbl.be\/wp-content\/uploads\/2025\/07\/gmap.png","contentUrl":"https:\/\/catiasbl.be\/wp-content\/uploads\/2025\/07\/gmap.png","width":1118,"height":766},{"@type":"BreadcrumbList","@id":"https:\/\/catiasbl.be\/index.php\/ou-nous-trouver\/#breadcrumb","itemListElement":[{"@type":"ListItem","position":1,"name":"Accueil","item":"https:\/\/catiasbl.be\/"},{"@type":"ListItem","position":2,"name":"O\u00f9 nous trouver?"}]},{"@type":"WebSite","@id":"https:\/\/catiasbl.be\/#website","url":"https:\/\/catiasbl.be\/","name":"cati asbl","description":"CATI ASBL","publisher":{"@id":"https:\/\/catiasbl.be\/#organization"},"potentialAction":[{"@type":"SearchAction","target":{"@type":"EntryPoint","urlTemplate":"https:\/\/catiasbl.be\/?s={search_term_string}"},"query-input":{"@type":"PropertyValueSpecification","valueRequired":true,"valueName":"search_term_string"}}],"inLanguage":"fr-FR"},{"@type":"Organization","@id":"https:\/\/catiasbl.be\/#organization","name":"CATI asbl","url":"https:\/\/catiasbl.be\/","logo":{"@type":"ImageObject","inLanguage":"fr-FR","@id":"https:\/\/catiasbl.be\/#\/schema\/logo\/image\/","url":"https:\/\/catiasbl.be\/wp-content\/uploads\/2025\/04\/logo-cati.jpg","contentUrl":"https:\/\/catiasbl.be\/wp-content\/uploads\/2025\/04\/logo-cati.jpg","width":332,"height":150,"caption":"CATI asbl"},"image":{"@id":"https:\/\/catiasbl.be\/#\/schema\/logo\/image\/"},"sameAs":["https:\/\/www.facebook.com\/catiasbl\/"]}]}},"_links":{"self":[{"href":"https:\/\/catiasbl.be\/index.php\/wp-json\/wp\/v2\/pages\/53","targetHints":{"allow":["GET"]}}],"collection":[{"href":"https:\/\/catiasbl.be\/index.php\/wp-json\/wp\/v2\/pages"}],"about":[{"href":"https:\/\/catiasbl.be\/index.php\/wp-json\/wp\/v2\/types\/page"}],"author":[{"embeddable":true,"href":"https:\/\/catiasbl.be\/index.php\/wp-json\/wp\/v2\/users\/1"}],"replies":[{"embeddable":true,"href":"https:\/\/catiasbl.be\/index.php\/wp-json\/wp\/v2\/comments?post=53"}],"version-history":[{"count":5,"href":"https:\/\/catiasbl.be\/index.php\/wp-json\/wp\/v2\/pages\/53\/revisions"}],"predecessor-version":[{"id":62,"href":"https:\/\/catiasbl.be\/index.php\/wp-json\/wp\/v2\/pages\/53\/revisions\/62"}],"wp:attachment":[{"href":"https:\/\/catiasbl.be\/index.php\/wp-json\/wp\/v2\/media?parent=53"}],"curies":[{"name":"wp","href":"https:\/\/api.w.org\/{rel}","templated":true}]}}