{"id":67,"date":"2025-07-19T14:29:27","date_gmt":"2025-07-19T12:29:27","guid":{"rendered":"https:\/\/catiasbl.be\/?page_id=67"},"modified":"2026-04-07T17:54:38","modified_gmt":"2026-04-07T15:54:38","slug":"volontariat","status":"publish","type":"page","link":"https:\/\/catiasbl.be\/index.php\/volontariat\/","title":{"rendered":"Volontariat"},"content":{"rendered":"\n<p>LE CATI RECHERCHE DES FORMATEURS\/TRICES BENEVOLES<\/p>\n\n\n\n<p>Le CATI comprend uniquement des formateurs b\u00e9n\u00e9voles et n&rsquo;engage aucune personne r\u00e9mun\u00e9r\u00e9e.<\/p>\n\n\n\n<p>Nous recherchons des volontaires afin de renforcer notre \u00e9quipe de formatrices et de formateurs en <strong>fran\u00e7ais<\/strong> (alpha\/FLE) et <strong>outils TIC<\/strong> :<\/p>\n\n\n\n<ul class=\"wp-block-list\">\n<li>Int\u00e9ress\u00e9(e)s par l&rsquo;animation \/ La formation dans des groupes dont le public est tr\u00e8s vari\u00e9 d&rsquo;adultes immigr\u00e9s;<\/li>\n\n\n\n<li>Int\u00e9ress\u00e9(e)s par l&rsquo;enseignement du fran\u00e7ais oral \/ alpha, de la lecture\/\u00e9criture ou du fran\u00e7ais langue \u00e9trang\u00e8re ou des outils TIC (num\u00e9riques);<\/li>\n\n\n\n<li>Disponibles d&rsquo;aout 2026 jusque d\u00e9but juillet 2027 (les cours sont suspendus durant les cong\u00e9s scolaires francophones) ;<\/li>\n\n\n\n<li>Une exp\u00e9rience en alphab\u00e9tisation ou FLE est appr\u00e9ciable mais non indispensable.<\/li>\n<\/ul>\n\n\n\n<p>Le volontaire s&rsquo;engage \u00e0 :<\/p>\n\n\n\n<ul class=\"wp-block-list\">\n<li>Assurer deux heures de cours par semaine soit le mardi soit le mercredi soit le jeudi de 19h \u00e0 21h pendant au moins une ann\u00e9e scolaire ;<\/li>\n\n\n\n<li>Coordonner les cours en collaboration avec un autre formateur (travail en bin\u00f4me) ;<\/li>\n\n\n\n<li>Assister \u00e0 l\u2019assembl\u00e9e g\u00e9n\u00e9rale et aux r\u00e9unions d\u2019\u00e9quipe ou rencontres de co-construction de s\u00e9quences (+\/- 5-6 par an) ;<\/li>\n\n\n\n<li>S\u2019impliquer dans la vie de l\u2019Association (activit\u00e9s, sorties, animations avec plusieurs groupes-classes, etc.).<\/li>\n<\/ul>\n\n\n\n<p>Le CATI s&rsquo;engage \u00e0 :<\/p>\n\n\n\n<ul class=\"wp-block-list\">\n<li>Garantir un suivi et un soutien p\u00e9dagogiques en interne aux volontaires ;<\/li>\n\n\n\n<li>Mettre \u00e0 disposition un agenda-cours avec des animations propos\u00e9es par notre \u00e9quipe p\u00e9dagogique (clef sur porte pour all\u00e9ger la charge de travail du volontaire)<\/li>\n\n\n\n<li>Mettre \u00e0 disposition une biblioth\u00e8que avec des outils p\u00e9dagogiques et des supports th\u00e9oriques ;<\/li>\n\n\n\n<li>Permettre aux volontaires de suivre (un parcours) de.s formations en interne et en externe (\u00e0 charge de l&rsquo;ASBL) ;<\/li>\n\n\n\n<li>Rembourser les frais de d\u00e9placement et pr\u00e9voir la possibilit\u00e9 d&rsquo;un d\u00e9fraiement.<\/li>\n<\/ul>\n\n\n\n<p>Int\u00e9ress\u00e9(e) par ce volontariat en alphab\u00e9tisation \/ FLE \/ TIC ? <br>Contactez-nous vite !<\/p>\n\n\n\n<ul class=\"wp-block-list\">\n<li>par mail : coordination @ catiasbl.be<\/li>\n\n\n\n<li>par t\u00e9l\u00e9phone : 0483\/335.340<\/li>\n<\/ul>\n","protected":false},"excerpt":{"rendered":"<p>LE CATI RECHERCHE DES FORMATEURS\/TRICES BENEVOLES Le CATI comprend uniquement des formateurs b\u00e9n\u00e9voles et n&rsquo;engage aucune personne r\u00e9mun\u00e9r\u00e9e. Nous recherchons des volontaires afin de renforcer notre \u00e9quipe de formatrices et de formateurs en fran\u00e7ais (alpha\/FLE) et outils TIC : Le volontaire s&rsquo;engage \u00e0 : Le CATI s&rsquo;engage \u00e0 : Int\u00e9ress\u00e9(e) par ce volontariat en alphab\u00e9tisation [&hellip;]<\/p>\n","protected":false},"author":1,"featured_media":0,"parent":0,"menu_order":0,"comment_status":"closed","ping_status":"closed","template":"","meta":{"footnotes":""},"class_list":["post-67","page","type-page","status-publish","hentry"],"yoast_head":"<!-- This site is optimized with the Yoast SEO plugin v25.5 - https:\/\/yoast.com\/wordpress\/plugins\/seo\/ -->\n<title>Volontariat -<\/title>\n<meta name=\"robots\" content=\"index, follow, max-snippet:-1, max-image-preview:large, max-video-preview:-1\" \/>\n<link rel=\"canonical\" href=\"https:\/\/catiasbl.be\/index.php\/volontariat\/\" \/>\n<meta property=\"og:locale\" content=\"fr_FR\" \/>\n<meta property=\"og:type\" content=\"article\" \/>\n<meta property=\"og:title\" content=\"Volontariat -\" \/>\n<meta property=\"og:description\" content=\"LE CATI RECHERCHE DES FORMATEURS\/TRICES BENEVOLES Le CATI comprend uniquement des formateurs b\u00e9n\u00e9voles et n&rsquo;engage aucune personne r\u00e9mun\u00e9r\u00e9e. Nous recherchons des volontaires afin de renforcer notre \u00e9quipe de formatrices et de formateurs en fran\u00e7ais (alpha\/FLE) et outils TIC : Le volontaire s&rsquo;engage \u00e0 : Le CATI s&rsquo;engage \u00e0 : Int\u00e9ress\u00e9(e) par ce volontariat en alphab\u00e9tisation [&hellip;]\" \/>\n<meta property=\"og:url\" content=\"https:\/\/catiasbl.be\/index.php\/volontariat\/\" \/>\n<meta property=\"article:publisher\" content=\"https:\/\/www.facebook.com\/catiasbl\/\" \/>\n<meta property=\"article:modified_time\" content=\"2026-04-07T15:54:38+00:00\" \/>\n<meta property=\"og:image\" content=\"https:\/\/catiasbl.be\/wp-content\/uploads\/2025\/04\/logo-cati.jpg\" \/>\n\t<meta property=\"og:image:width\" content=\"332\" \/>\n\t<meta property=\"og:image:height\" content=\"150\" \/>\n\t<meta property=\"og:image:type\" content=\"image\/jpeg\" \/>\n<meta name=\"twitter:card\" content=\"summary_large_image\" \/>\n<meta name=\"twitter:label1\" content=\"Dur\u00e9e de lecture estim\u00e9e\" \/>\n\t<meta name=\"twitter:data1\" content=\"2 minutes\" \/>\n<script type=\"application\/ld+json\" class=\"yoast-schema-graph\">{\"@context\":\"https:\/\/schema.org\",\"@graph\":[{\"@type\":\"WebPage\",\"@id\":\"https:\/\/catiasbl.be\/index.php\/volontariat\/\",\"url\":\"https:\/\/catiasbl.be\/index.php\/volontariat\/\",\"name\":\"Volontariat -\",\"isPartOf\":{\"@id\":\"https:\/\/catiasbl.be\/#website\"},\"datePublished\":\"2025-07-19T12:29:27+00:00\",\"dateModified\":\"2026-04-07T15:54:38+00:00\",\"breadcrumb\":{\"@id\":\"https:\/\/catiasbl.be\/index.php\/volontariat\/#breadcrumb\"},\"inLanguage\":\"fr-FR\",\"potentialAction\":[{\"@type\":\"ReadAction\",\"target\":[\"https:\/\/catiasbl.be\/index.php\/volontariat\/\"]}]},{\"@type\":\"BreadcrumbList\",\"@id\":\"https:\/\/catiasbl.be\/index.php\/volontariat\/#breadcrumb\",\"itemListElement\":[{\"@type\":\"ListItem\",\"position\":1,\"name\":\"Accueil\",\"item\":\"https:\/\/catiasbl.be\/\"},{\"@type\":\"ListItem\",\"position\":2,\"name\":\"Volontariat\"}]},{\"@type\":\"WebSite\",\"@id\":\"https:\/\/catiasbl.be\/#website\",\"url\":\"https:\/\/catiasbl.be\/\",\"name\":\"cati asbl\",\"description\":\"CATI ASBL\",\"publisher\":{\"@id\":\"https:\/\/catiasbl.be\/#organization\"},\"potentialAction\":[{\"@type\":\"SearchAction\",\"target\":{\"@type\":\"EntryPoint\",\"urlTemplate\":\"https:\/\/catiasbl.be\/?s={search_term_string}\"},\"query-input\":{\"@type\":\"PropertyValueSpecification\",\"valueRequired\":true,\"valueName\":\"search_term_string\"}}],\"inLanguage\":\"fr-FR\"},{\"@type\":\"Organization\",\"@id\":\"https:\/\/catiasbl.be\/#organization\",\"name\":\"CATI asbl\",\"url\":\"https:\/\/catiasbl.be\/\",\"logo\":{\"@type\":\"ImageObject\",\"inLanguage\":\"fr-FR\",\"@id\":\"https:\/\/catiasbl.be\/#\/schema\/logo\/image\/\",\"url\":\"https:\/\/catiasbl.be\/wp-content\/uploads\/2025\/04\/logo-cati.jpg\",\"contentUrl\":\"https:\/\/catiasbl.be\/wp-content\/uploads\/2025\/04\/logo-cati.jpg\",\"width\":332,\"height\":150,\"caption\":\"CATI asbl\"},\"image\":{\"@id\":\"https:\/\/catiasbl.be\/#\/schema\/logo\/image\/\"},\"sameAs\":[\"https:\/\/www.facebook.com\/catiasbl\/\"]}]}<\/script>\n<!-- \/ Yoast SEO plugin. -->","yoast_head_json":{"title":"Volontariat -","robots":{"index":"index","follow":"follow","max-snippet":"max-snippet:-1","max-image-preview":"max-image-preview:large","max-video-preview":"max-video-preview:-1"},"canonical":"https:\/\/catiasbl.be\/index.php\/volontariat\/","og_locale":"fr_FR","og_type":"article","og_title":"Volontariat -","og_description":"LE CATI RECHERCHE DES FORMATEURS\/TRICES BENEVOLES Le CATI comprend uniquement des formateurs b\u00e9n\u00e9voles et n&rsquo;engage aucune personne r\u00e9mun\u00e9r\u00e9e. Nous recherchons des volontaires afin de renforcer notre \u00e9quipe de formatrices et de formateurs en fran\u00e7ais (alpha\/FLE) et outils TIC : Le volontaire s&rsquo;engage \u00e0 : Le CATI s&rsquo;engage \u00e0 : Int\u00e9ress\u00e9(e) par ce volontariat en alphab\u00e9tisation [&hellip;]","og_url":"https:\/\/catiasbl.be\/index.php\/volontariat\/","article_publisher":"https:\/\/www.facebook.com\/catiasbl\/","article_modified_time":"2026-04-07T15:54:38+00:00","og_image":[{"width":332,"height":150,"url":"https:\/\/catiasbl.be\/wp-content\/uploads\/2025\/04\/logo-cati.jpg","type":"image\/jpeg"}],"twitter_card":"summary_large_image","twitter_misc":{"Dur\u00e9e de lecture estim\u00e9e":"2 minutes"},"schema":{"@context":"https:\/\/schema.org","@graph":[{"@type":"WebPage","@id":"https:\/\/catiasbl.be\/index.php\/volontariat\/","url":"https:\/\/catiasbl.be\/index.php\/volontariat\/","name":"Volontariat -","isPartOf":{"@id":"https:\/\/catiasbl.be\/#website"},"datePublished":"2025-07-19T12:29:27+00:00","dateModified":"2026-04-07T15:54:38+00:00","breadcrumb":{"@id":"https:\/\/catiasbl.be\/index.php\/volontariat\/#breadcrumb"},"inLanguage":"fr-FR","potentialAction":[{"@type":"ReadAction","target":["https:\/\/catiasbl.be\/index.php\/volontariat\/"]}]},{"@type":"BreadcrumbList","@id":"https:\/\/catiasbl.be\/index.php\/volontariat\/#breadcrumb","itemListElement":[{"@type":"ListItem","position":1,"name":"Accueil","item":"https:\/\/catiasbl.be\/"},{"@type":"ListItem","position":2,"name":"Volontariat"}]},{"@type":"WebSite","@id":"https:\/\/catiasbl.be\/#website","url":"https:\/\/catiasbl.be\/","name":"cati asbl","description":"CATI ASBL","publisher":{"@id":"https:\/\/catiasbl.be\/#organization"},"potentialAction":[{"@type":"SearchAction","target":{"@type":"EntryPoint","urlTemplate":"https:\/\/catiasbl.be\/?s={search_term_string}"},"query-input":{"@type":"PropertyValueSpecification","valueRequired":true,"valueName":"search_term_string"}}],"inLanguage":"fr-FR"},{"@type":"Organization","@id":"https:\/\/catiasbl.be\/#organization","name":"CATI asbl","url":"https:\/\/catiasbl.be\/","logo":{"@type":"ImageObject","inLanguage":"fr-FR","@id":"https:\/\/catiasbl.be\/#\/schema\/logo\/image\/","url":"https:\/\/catiasbl.be\/wp-content\/uploads\/2025\/04\/logo-cati.jpg","contentUrl":"https:\/\/catiasbl.be\/wp-content\/uploads\/2025\/04\/logo-cati.jpg","width":332,"height":150,"caption":"CATI asbl"},"image":{"@id":"https:\/\/catiasbl.be\/#\/schema\/logo\/image\/"},"sameAs":["https:\/\/www.facebook.com\/catiasbl\/"]}]}},"_links":{"self":[{"href":"https:\/\/catiasbl.be\/index.php\/wp-json\/wp\/v2\/pages\/67","targetHints":{"allow":["GET"]}}],"collection":[{"href":"https:\/\/catiasbl.be\/index.php\/wp-json\/wp\/v2\/pages"}],"about":[{"href":"https:\/\/catiasbl.be\/index.php\/wp-json\/wp\/v2\/types\/page"}],"author":[{"embeddable":true,"href":"https:\/\/catiasbl.be\/index.php\/wp-json\/wp\/v2\/users\/1"}],"replies":[{"embeddable":true,"href":"https:\/\/catiasbl.be\/index.php\/wp-json\/wp\/v2\/comments?post=67"}],"version-history":[{"count":7,"href":"https:\/\/catiasbl.be\/index.php\/wp-json\/wp\/v2\/pages\/67\/revisions"}],"predecessor-version":[{"id":120,"href":"https:\/\/catiasbl.be\/index.php\/wp-json\/wp\/v2\/pages\/67\/revisions\/120"}],"wp:attachment":[{"href":"https:\/\/catiasbl.be\/index.php\/wp-json\/wp\/v2\/media?parent=67"}],"curies":[{"name":"wp","href":"https:\/\/api.w.org\/{rel}","templated":true}]}}